{"id":8,"date":"2016-06-29T14:59:18","date_gmt":"2016-06-29T13:59:18","guid":{"rendered":"http:\/\/xabi-massages.fr\/?page_id=8"},"modified":"2025-12-22T12:56:33","modified_gmt":"2025-12-22T11:56:33","slug":"contact","status":"publish","type":"page","link":"https:\/\/xabi-massages.fr\/index.php\/contact\/","title":{"rendered":"CONTACT"},"content":{"rendered":"\n<h1 class=\"wp-block-heading\"><strong>XABI MASSAGES BIEN-\u00caTRE<br><\/strong><\/h1>\n\n\n\n<p><em>\u00c9ducateur sp\u00e9cialis\u00e9 depuis plus de 10 ans, reconverti dans la profession de massages bien-\u00eatre.<\/em><\/p>\n\n\n\n<h6 class=\"wp-block-heading\"><strong>Contactez-moi pour + d&rsquo;informations et r\u00e9server votre soin:<\/strong><\/h6>\n\n\n\n<h3 class=\"wp-block-heading\"><strong> <a href=\"mailto:xabi.massages@gmail.com\">xabi.massages@gmail.com<\/a><\/strong><\/h3>\n\n\n\n<h2 class=\"wp-block-heading\"><strong>06 86 48 43 14<\/strong><\/h2>\n\n\n\n<h6 class=\"wp-block-heading\"><strong>Situ\u00e9 \u00e0 LINXE, je me d\u00e9place jusqu&rsquo;\u00e0 votre lieu de r\u00e9sidence principale ou de vacances \u00e0 SOORTS-HOSSEGOR, CAPBRETON, SEIGNOSSE, DAX, L<b>\u00c9ON, MOLIETS,<\/b>&nbsp;et alentours (d\u00e9partements 64 et 40)<\/strong><\/h6>\n\n\n\n<iframe src=\"https:\/\/www.google.com\/maps\/embed?pb=!1m18!1m12!1m3!1d12479.769189064591!2d-1.2653409955708916!3d43.92834005332517!2m3!1f0!2f0!3f0!3m2!1i1024!2i768!4f13.1!3m3!1m2!1s0xd53f9d274bc2673%3A0x3795325e53a97170!2s3%20Rue%20des%20Coudeytes%2C%2040260%20Linxe!5e0!3m2!1sfr!2sfr!4v1766404572967!5m2!1sfr!2sfr\" width=\"600\" height=\"450\" style=\"border:0;\" allowfullscreen=\"\" loading=\"lazy\" referrerpolicy=\"no-referrer-when-downgrade\"><\/iframe>\n\n\n\n<h6 class=\"wp-block-heading\"><strong>xabi barneix &#8211; masseur bien-\u00eatre &#8211; Siret 81390019800017<\/strong><\/h6>\n","protected":false},"excerpt":{"rendered":"<p>XABI MASSAGES BIEN-\u00caTRE \u00c9ducateur sp\u00e9cialis\u00e9 depuis plus de 10 ans, reconverti dans la profession de massages bien-\u00eatre. Contactez-moi pour + d&rsquo;informations et r\u00e9server votre soin: xabi.massages@gmail.com 06 86 48 43 14 Situ\u00e9 \u00e0 LINXE, je me d\u00e9place jusqu&rsquo;\u00e0 votre lieu de r\u00e9sidence principale ou de vacances \u00e0 SOORTS-HOSSEGOR, CAPBRETON, SEIGNOSSE, DAX, L\u00c9ON, MOLIETS,&nbsp;et alentours (d\u00e9partements&hellip;<\/p>\n","protected":false},"author":1,"featured_media":0,"parent":0,"menu_order":4,"comment_status":"closed","ping_status":"closed","template":"","meta":{"footnotes":""},"class_list":["post-8","page","type-page","status-publish","hentry"],"_links":{"self":[{"href":"https:\/\/xabi-massages.fr\/index.php\/wp-json\/wp\/v2\/pages\/8","targetHints":{"allow":["GET"]}}],"collection":[{"href":"https:\/\/xabi-massages.fr\/index.php\/wp-json\/wp\/v2\/pages"}],"about":[{"href":"https:\/\/xabi-massages.fr\/index.php\/wp-json\/wp\/v2\/types\/page"}],"author":[{"embeddable":true,"href":"https:\/\/xabi-massages.fr\/index.php\/wp-json\/wp\/v2\/users\/1"}],"replies":[{"embeddable":true,"href":"https:\/\/xabi-massages.fr\/index.php\/wp-json\/wp\/v2\/comments?post=8"}],"version-history":[{"count":19,"href":"https:\/\/xabi-massages.fr\/index.php\/wp-json\/wp\/v2\/pages\/8\/revisions"}],"predecessor-version":[{"id":498,"href":"https:\/\/xabi-massages.fr\/index.php\/wp-json\/wp\/v2\/pages\/8\/revisions\/498"}],"wp:attachment":[{"href":"https:\/\/xabi-massages.fr\/index.php\/wp-json\/wp\/v2\/media?parent=8"}],"curies":[{"name":"wp","href":"https:\/\/api.w.org\/{rel}","templated":true}]}}