{"id":412,"date":"2025-12-18T16:15:43","date_gmt":"2025-12-18T15:15:43","guid":{"rendered":"https:\/\/xabi-massages.fr\/?post_type=product&#038;p=412"},"modified":"2026-01-01T01:50:02","modified_gmt":"2026-01-01T00:50:02","slug":"massage-detricotage-1h","status":"publish","type":"product","link":"https:\/\/xabi-massages.fr\/index.php\/produit\/massage-detricotage-1h\/","title":{"rendered":"Massage D\u00e9tricotage &#8211; 1h"},"content":{"rendered":"<p>Un massage complet et sur-mesure, adapt\u00e9 \u00e0 vos besoins (temps, zones, pression). Inspir\u00e9 du californien-su\u00e9dois et personnalis\u00e9 au fil de l\u2019exp\u00e9rience, il combine douceur et profondeur : effleurages relaxants, p\u00e9trissages, gestes pr\u00e9cis pour lib\u00e9rer les tensions et rel\u00e2cher le corps en profondeur. Parfait pour se d\u00e9tendre, r\u00e9cup\u00e9rer et retrouver une vraie sensation de l\u00e9g\u00e8ret\u00e9.<\/p>\n<p>&nbsp;<\/p>\n<p>&#x1f449; Vous trouverez plus de d\u00e9tails sur ce massage ici :\u00a0 <a href=\"https:\/\/xabi-massages.fr\/index.php\/les-massages\/\">LES MASSAGES<\/a><\/p>\n","protected":false},"excerpt":{"rendered":"<p>Un massage complet et sur-mesure, adapt\u00e9 \u00e0 vos besoins (temps, zones, pression). Inspir\u00e9 du californien-su\u00e9dois et personnalis\u00e9 au fil de l\u2019exp\u00e9rience, il combine douceur et profondeur : effleurages relaxants, p\u00e9trissages, gestes pr\u00e9cis pour lib\u00e9rer les tensions et rel\u00e2cher le corps en profondeur. Parfait pour se d\u00e9tendre, r\u00e9cup\u00e9rer et retrouver une vraie sensation de l\u00e9g\u00e8ret\u00e9. &nbsp;&hellip;<\/p>\n","protected":false},"featured_media":386,"comment_status":"open","ping_status":"closed","template":"","meta":[],"product_brand":[],"product_cat":[20],"product_tag":[],"class_list":{"0":"post-412","1":"product","2":"type-product","3":"status-publish","4":"has-post-thumbnail","6":"product_cat-detricotage","8":"first","9":"instock","10":"virtual","11":"sold-individually","12":"purchasable","13":"product-type-simple"},"_links":{"self":[{"href":"https:\/\/xabi-massages.fr\/index.php\/wp-json\/wp\/v2\/product\/412","targetHints":{"allow":["GET"]}}],"collection":[{"href":"https:\/\/xabi-massages.fr\/index.php\/wp-json\/wp\/v2\/product"}],"about":[{"href":"https:\/\/xabi-massages.fr\/index.php\/wp-json\/wp\/v2\/types\/product"}],"replies":[{"embeddable":true,"href":"https:\/\/xabi-massages.fr\/index.php\/wp-json\/wp\/v2\/comments?post=412"}],"wp:featuredmedia":[{"embeddable":true,"href":"https:\/\/xabi-massages.fr\/index.php\/wp-json\/wp\/v2\/media\/386"}],"wp:attachment":[{"href":"https:\/\/xabi-massages.fr\/index.php\/wp-json\/wp\/v2\/media?parent=412"}],"wp:term":[{"taxonomy":"product_brand","embeddable":true,"href":"https:\/\/xabi-massages.fr\/index.php\/wp-json\/wp\/v2\/product_brand?post=412"},{"taxonomy":"product_cat","embeddable":true,"href":"https:\/\/xabi-massages.fr\/index.php\/wp-json\/wp\/v2\/product_cat?post=412"},{"taxonomy":"product_tag","embeddable":true,"href":"https:\/\/xabi-massages.fr\/index.php\/wp-json\/wp\/v2\/product_tag?post=412"}],"curies":[{"name":"wp","href":"https:\/\/api.w.org\/{rel}","templated":true}]}}