{"id":416,"date":"2025-12-18T16:25:21","date_gmt":"2025-12-18T15:25:21","guid":{"rendered":"https:\/\/xabi-massages.fr\/?post_type=product&#038;p=416"},"modified":"2026-01-01T01:50:02","modified_gmt":"2026-01-01T00:50:02","slug":"massage-reflexologie-plantaire-thai-1h","status":"publish","type":"product","link":"https:\/\/xabi-massages.fr\/index.php\/produit\/massage-reflexologie-plantaire-thai-1h\/","title":{"rendered":"Massage R\u00e9flexologie plantaire Tha\u00ef &#8211; 1h"},"content":{"rendered":"<p><strong data-start=\"47\" data-end=\"91\">R\u00e9flexologie Plantaire Tha\u00ef (bien-\u00eatre)<\/strong> : un massage relaxant d\u2019environ <strong data-start=\"124\" data-end=\"138\">50 minutes<\/strong> d\u00e9di\u00e9 aux <strong data-start=\"149\" data-end=\"169\">pieds et mollets<\/strong>, issu d\u2019un protocole traditionnel tha\u00eflandais. Sans \u00eatre une s\u00e9ance de r\u00e9flexologie \u201cm\u00e9dicale\u201d, il agit sur des zones r\u00e9flexes et points \u00e9nerg\u00e9tiques pour procurer une <strong data-start=\"338\" data-end=\"358\">d\u00e9tente profonde<\/strong>. Techniques : pressions gliss\u00e9es au pouce, effleurages, pressions avec b\u00e2tonnet en bois, \u00e9tirements\/mobilisations des orteils et chevilles, percussions tonifiantes. Id\u00e9al pour une d\u00e9tente totale <strong data-start=\"554\" data-end=\"589\">sans avoir besoin de se d\u00e9v\u00eatir<\/strong>.<\/p>\n<p>&nbsp;<\/p>\n<p>&#x1f449; Vous trouverez plus de d\u00e9tails sur ce massage ici :\u00a0 <a href=\"https:\/\/xabi-massages.fr\/index.php\/les-massages\/\">LES MASSAGES<\/a><\/p>\n","protected":false},"excerpt":{"rendered":"<p>R\u00e9flexologie Plantaire Tha\u00ef (bien-\u00eatre) : un massage relaxant d\u2019environ 50 minutes d\u00e9di\u00e9 aux pieds et mollets, issu d\u2019un protocole traditionnel tha\u00eflandais. Sans \u00eatre une s\u00e9ance de r\u00e9flexologie \u201cm\u00e9dicale\u201d, il agit sur des zones r\u00e9flexes et points \u00e9nerg\u00e9tiques pour procurer une d\u00e9tente profonde. Techniques : pressions gliss\u00e9es au pouce, effleurages, pressions avec b\u00e2tonnet en bois, \u00e9tirements\/mobilisations&hellip;<\/p>\n","protected":false},"featured_media":386,"comment_status":"open","ping_status":"closed","template":"","meta":[],"product_brand":[],"product_cat":[21],"product_tag":[],"class_list":{"0":"post-416","1":"product","2":"type-product","3":"status-publish","4":"has-post-thumbnail","6":"product_cat-reflexologie-plantaire","8":"first","9":"instock","10":"virtual","11":"sold-individually","12":"purchasable","13":"product-type-simple"},"_links":{"self":[{"href":"https:\/\/xabi-massages.fr\/index.php\/wp-json\/wp\/v2\/product\/416","targetHints":{"allow":["GET"]}}],"collection":[{"href":"https:\/\/xabi-massages.fr\/index.php\/wp-json\/wp\/v2\/product"}],"about":[{"href":"https:\/\/xabi-massages.fr\/index.php\/wp-json\/wp\/v2\/types\/product"}],"replies":[{"embeddable":true,"href":"https:\/\/xabi-massages.fr\/index.php\/wp-json\/wp\/v2\/comments?post=416"}],"wp:featuredmedia":[{"embeddable":true,"href":"https:\/\/xabi-massages.fr\/index.php\/wp-json\/wp\/v2\/media\/386"}],"wp:attachment":[{"href":"https:\/\/xabi-massages.fr\/index.php\/wp-json\/wp\/v2\/media?parent=416"}],"wp:term":[{"taxonomy":"product_brand","embeddable":true,"href":"https:\/\/xabi-massages.fr\/index.php\/wp-json\/wp\/v2\/product_brand?post=416"},{"taxonomy":"product_cat","embeddable":true,"href":"https:\/\/xabi-massages.fr\/index.php\/wp-json\/wp\/v2\/product_cat?post=416"},{"taxonomy":"product_tag","embeddable":true,"href":"https:\/\/xabi-massages.fr\/index.php\/wp-json\/wp\/v2\/product_tag?post=416"}],"curies":[{"name":"wp","href":"https:\/\/api.w.org\/{rel}","templated":true}]}}